. What are the prime factors of n?
2, 7
Let g(k) = 31*k + 3. Let x be g(2). Suppose d + 10 = x. What are the prime factors of d?
5, 11
List the prime factors of 2*1 + 12 + -7.
7
What are the prime factors of 84/(-6)*((-110)/4 - -2)?
3, 7, 17
Suppose 4*y = 5*y - 5. Suppose -5*j + 5 = -y. Suppose -5*f - j*h = -10*f + 61, 1 = -f - 4*h. List the prime factors of f.
11
Let k(s) = -s + 6. What are the prime factors of k(-15)?
3, 7
Suppose 0 = 2*c - n - 265, -4*c + 3*c = -n - 131. What are the prime factors of c?
2, 67
Let t(a) = -13*a**2 + 3*a - 11. Let n(y) = -7*y**2 + y - 6. Let p(u) = -11*n(u) + 6*t(u). What are the prime factors of p(3)?
2, 3
Suppose -3*r = -3, 4*v = 4*r - 5 - 275. Let k = -18 - v. Suppose -3*z + 63 = -5*u, -k = -3*z + 2*u - u. What are the prime factors of z?
2
Suppose 3*i - 12 = 6*i. What are the prime factors of 1*7*(-8)/i?
2, 7
Suppose 3*k - 96 = -s - 2*s, -2*k + 4*s = -88. List the prime factors of k.
2, 3
Let p(o) = o**2 - 8*o - 8. Let i be p(9). Let x(u) = 35*u**2 - 2*u + 2. What are the prime factors of x(i)?
5, 7
Let o(l) = l**3 - 5*l**2 - 4*l + 5. Let g = -10 - -16. List the prime factors of o(g).
17
Suppose -3*r = 3*z + r - 23, 0 = -5*r + 25. Let h = 8 - z. What are the prime factors of h?
7
Let l = -18 - -33. Suppose -4*v = -5 - l. List the prime factors of v.
5
Let i = -55 + 31. Let y = 38 + i. What are the prime factors of y?
2, 7
Suppose -2*d - 76 = -6*g + 4*g, 3*d = 5*g - 190. What are the prime factors of g?
2, 19
Let p = 30 - 21. Let b = p - 6. List the prime factors of b.
3
Let w be (-4 + -1)*4/(-1). Suppose 3*q + 2*q = w. What are the prime factors of q?
2
Let v(x) = -x + 1. Let o be v(-3). Suppose 5*d - 3*i + 6 = 21, -o*d = -3*i - 12. Suppose -d*c - 5 = -17. List the prime factors of c.
2
Let c(y) = -4*y**2 - 10*y - 6. Let t(r) = -3*r**2 - 9*r - 7. Let v(o) = 2*c(o) - 3*t(o). Let u = 7 + -13. What are the prime factors of v(u)?
3
Let d = 64 - 38. List the prime factors of (d/(-3))/((-4)/6).
13
Let r(v) = 2*v + 1 - 3*v - 2. Let n be r(-4). Suppose -9 = -3*m, -i - 7*m = -n*m - 23. What are the prime factors of i?
11
Suppose c = 29 + 9. What are the prime factors of c?
2, 19
Suppose -w + 6 = 2. Let z be 8*-2*(-1)/w. Suppose -z*g = -25 - 7. List the prime factors of g.
2
Let r be ((-28)/6)/(3/27). Let c be 4/(-6)*r/4. List the prime factors of c + 2*(2 - 3).
5
Let y(p) = -28*p + 1. What are the prime factors of y(-3)?
5, 17
Suppose 4*g - 40 = 152. List the prime factors of g.
2, 3
Let z(h) = 4*h**3 - 3*h**2. Let t be z(2). Let b = t + -7. List the prime factors of b.
13
Let n be (-4)/(-30) + (-94)/30. List the prime factors of 15/(1*n/(-4)).
2, 5
Suppose -3 = -11*u + 10*u. Suppose 0*t + u*t = 75. List the prime factors of t.
5
Let u = -14 - -57. List the prime factors of u.
43
Let t be (-2)/((-8)/7 - -1). Let g be (-468)/(-28) - (-4)/t. Suppose -c + g = 4*m, 14 = 2*m + m + 2*c. What are the prime factors of m?
2
Suppose 4*k - 36 = -6*s + 2*s, 0 = -k + 2*s. Let p(u) = -u**3 + 6*u**2 + 2*u + 5. List the prime factors of p(k).
17
Let y(k) = -k**2 + 5*k + 3. Let f be y(5). Let h be (-2)/(f*6/(-27)). Suppose h*j = 42 - 12. What are the prime factors of j?
2, 5
Let b = -4 - -9. What are the prime factors of b?
5
Suppose -2*w - 3*b = -9, 5*w - b = 4*b - 40. Let x = 5 + w. Suppose x*u + 24 = 4*u. List the prime factors of u.
2, 3
Suppose 4*x - 3*x - 2*q - 140 = 0, 168 = x + 5*q. List the prime factors of x.
2, 37
Suppose 0*x - 5*x + 111 = 3*a, -111 = -3*a + 4*x. Let j = a - -6. List the prime factors of j.
43
Let d = 121 + -79. What are the prime factors of d?
2, 3, 7
Let w(b) = -b**3 - 3*b**2 + 3. Let n be w(-3). Suppose -3*o + 46 = 2*m - m, -n*m - 15 = 0. What are the prime factors of o?
17
Let w(z) = -5*z - 2. What are the prime factors of w(-5)?
23
Let y = 46 + -15. Let i = y - 21. What are the prime factors of i?
2, 5
List the prime factors of (-5 - (-1566)/15) + (-4)/10.
3, 11
Let h = 5 + -1. Suppose 4*x - 2*l + 58 = 0, -67 = 2*x + h*l - 13. Let u = -11 - x. List the prime factors of u.
2, 3
Suppose 4*a + a - 15 = 0. Suppose r - 3*u - 10 = a, u + 31 = 3*r. What are the prime factors of r?
2, 5
Let a(n) = -25 + 12 + 18*n + 12. Suppose 2*k - 4 = q, 3*k - 5*q + q = 11. List the prime factors of a(k).
17
Suppose 5*z - 582 = -207. What are the prime factors of z?
3, 5
Let y = 9 - 15. Let m = 11 + -15. List the prime factors of y/(m/(96/9)).
2
Let m = 5 - 2. Suppose 10 = 2*t + m*p, 0 = -2*p + 4*p - 4. What are the prime factors of t?
2
Let k be 67 + -1 + -2 + 1. Suppose 0 = 3*v + 31 + k. Let n = 45 + v. What are the prime factors of n?
13
Suppose -2*x + 7*x = 0, 0 = -4*k + 3*x - 48. Let h = -7 - -31. Let y = h + k. What are the prime factors of y?
2, 3
Let t = 85 + -28. What are the prime factors of t?
3, 19
Let y(d) = -60*d**3 - d**2 - 2*d - 2. What are the prime factors of y(-1)?
59
Suppose 7*x = 4*x. Let t = 7 + x. What are the prime factors of t?
7
Let n be -28*1/(2 - 0). Suppose 100 = 4*k + d + 3*d, -4*k + 3*d + 72 = 0. Let a = k + n. What are the prime factors of a?
7
Suppose -2*j = -4*j + 152. Suppose 0 = 4*y - j - 72. Let k = y - 20. List the prime factors of k.
17
Let m be (-8)/(-3) + 1/3. Let i(o) = -o**3 - 3*o**2 + 2*o - 3. Let y be i(-4). What are the prime factors of m/((30/4)/y)?
2
Suppose 0*j + 2*j = -l + 45, 5*l + 5*j = 200. Let t = -12 + l. What are the prime factors of t?
23
Suppose -3 = 2*f - 3*h + 1, -6 = 2*f - 4*h. Let x(u) = 0*u**3 - 4*u**3 + 1 + 5*u**3. List the prime factors of x(f).
2
Let p(v) = v**3 - v**2 - v + 76. Let f be p(0). Let q = 128 - f. List the prime factors of q.
2, 13
Suppose 8*q - 3*q + 2*b - 206 = 0, -2*b = -2*q + 88. List the prime factors of q.
2, 3, 7
Let j(v) = 2*v. Let m be j(2). Suppose -2*q - 67 = -7*q - f, f - 53 = -m*q. Suppose -3*i + 5*o + 0*o = -45, 0 = -i + 2*o + q. What are the prime factors of i?
2, 5
Let g(n) = -n - 8. Let u be 3/(-6) + 22/(-4). Let l be g(u). List the prime factors of -1 + 0 + (7 - l).
2
Let f be (120 - 4) + 1*4. Suppose 11*s - 7*s = f. List the prime factors of s.
2, 3, 5
Let x(a) = -2*a**3 + a**2 - 6*a - 3. List the prime factors of x(-3).
2, 3, 13
Suppose -61 = 4*m - 21. Let y = m + 15. Let n(x) = 2*x - 3. List the prime factors of n(y).
7
Let k be (0 - 1)*(-1 + -15). Suppose k = p - 2. Suppose -p = j - 3*j. List the prime factors of j.
3
What are the prime factors of (-2)/5 - (-792)/30?
2, 13
Let v be (12 + -12)/(2*1). Suppose v = -n + 2*n - 42. What are the prime factors of n?
2, 3, 7
Suppose -v + 2*v - 352 = 0. List the prime factors of (-2)/(-3) + v/12.
2, 3, 5
Suppose 4*j = 3*s + 84, 0*j + 4*s + 21 = j. What are the prime factors of j?
3, 7
Suppose -3*k + 10 = 2*k. List the prime factors of 53/k - (-21)/14.
2, 7
Let c be (-3)/12 - 597/12. Let k = 75 + c. Suppose -3*d = 2*x - 15, -5*d + 8 = 4*x - k. List the prime factors of x.
2, 3
Let k = -7 + 12. List the prime factors of k.
5
Let t = -5 + 7. Suppose 0 = t*n - 5*n + 12. Suppose 0 = n*r - 4, 23 = 4*q - 5*r + 4*r. What are the prime factors of q?
2, 3
Suppose 6 = -12*q + 13*q. Let p = 5 + q. What are the prime factors of p?
11
List the prime factors of (-3)/9 + 74/6.
2, 3
Let z(q) = q - 2. Let d be z(5). Suppose 37 = d*j + 7. Suppose 0*r - j = -r. What are the prime factors of r?
2, 5
Suppose -3*v - c + 52 = 0, 3*c + 0*c = -v + 12. Let o = v - 10. What are the prime factors of (o/5)/(3/30)?
2
Let j(y) = y**2 + 4*y + 40. List the prime factors of j(-11).
3, 13
Let x = 68 - 6. Suppose -5*w + 178 = -x. Suppose 0 = -4*l + 4 + w. List the prime factors of l.
13
List the prime factors of 5 - (1 - (-459)/(-3)).
157
Let n(i) = -i + 2. Let o be n(3). Let p = o + 4. Suppose 2*j + 3*j + 2*m - 63 = 0, 4*j = -p*m + 49. List the prime factors of j.
13
Let q = 48 - 3. What are the prime factors of q?
3, 5
Let m(x) = 3*x**2 + 3*x - 4. Suppose 2 = -4*s - 10. What are the prime factors of m(s)?
2, 7
Let g be 54*((-13)/2 - 3). What are the prime factors of (-4)/(-6)*g/(-18)?
19
Let m = 5 + -1. Let b(z) = z**2 + 2*z - m - 2*z + z. What are the prime factors of b(-4)?
2
Let j be 6*((-28)/(-12) + -1). Let r = 14 - j. What are the prime factors of r?
2, 3
Let s be -3 - (-9)/(1 - 4). Let v(l) = -l**3 - 9*l**2 + 1. Let u(n) = -n**2 - n + 1. Let b(w) = -4*u(w) + v(w). What are the prime factors of b(s)?
3
Let